 is (4 - 18) + (28 + -46 - -33)?
1
Evaluate 493 - 478 - (1 + -1) - (-3 + -36).
54
Evaluate -92 + (41 - 152 - -231).
28
What is the value of (38 - 41 - 41) + -77 + (-3 - 10)?
-134
What is (24 - 54) + 10 - (-49 + (20 - 9))?
18
448 + -288 + -86 - (34 - 1)
41
What is the value of -39 + -2 + 6 - (28 + (59 - 86))?
-36
What is -52 - ((-5 - -3) + -53 + 68 - (4 + -4))?
-65
What is the value of -7 + 1 - (-21 + 67 - 27)?
-25
Evaluate 14 - (-8 - (-53 + -13)) - (10 - (1 + 2)).
-51
What is the value of (1 + 19 - 0) + (-242 - (-435 - -192))?
21
(11 - (9 + -43)) + -23 + 5
27
What is the value of -1 - (-116 - -3 - (-148 + 152))?
116
12 + 3 + -200 + 205 + -70
-50
Evaluate -6 - -54 - 63 - (1 - -3 - -24).
-43
What is the value of -1 - -34 - (-38 - (-2 + -52)) - -26?
43
Evaluate (-34 - -45) + (3 - (5 + -22) - -9).
40
7 + 22 + 3 + (12 - (35 + -10))
19
Evaluate -2 + 12 - (-144 - -182).
-28
What is 73 + (-28 - 7) + 6 + 10?
54
Evaluate (-11 - 0) + (-5 + (0 - -20) - -3) + -121.
-114
What is 60 + (18 - 18) - (-18 + 46)?
32
Calculate 7 - (-14 - (13 - 41)) - (-7 - 18).
18
What is (2 - -1) + (-38 - (-45 + -31 + 9))?
32
Calculate 2336 + -2409 - (-40 - -2).
-35
(23 - (56 + -31)) + -41
-43
Calculate 182 + -106 - (-2 + 88) - (-2 + 2 + -1).
-9
-17 + (-23 - -96) + -112
-56
What is -11873 - -12016 - ((2 - 1) + 39)?
103
5 + ((-3 - -24) + -18 - (-39 + 9))
38
Evaluate -33 + 2 - (-8 - (14 + -16)).
-25
(44 - 27) + 9 + -17 + -39
-30
-15 + (4 - 3) - (1166 - 1089)
-91
What is the value of (1 - -8 - (80 - -17)) + 46 + (12 - 43)?
-73
What is (-10 + -9 - -19) + -3 - (-3 + 31)?
-31
9 - -2 - -8 - (20 - -18)
-19
What is the value of -51 + 47 - ((-70 - (1 + -1)) + 3)?
63
Evaluate (23 - 149) + -10 + (-9 - -24 - 6).
-127
What is 0 + -8 - (42 + -101 + 43)?
8
What is (23 + -14 - (11 - 33)) + (-11 - 0)?
20
Calculate 39 - (-38 + 51 + 7).
19
Calculate (3 - 2) + (116 - -2) + 13 + -133 + 108.
107
Evaluate 23 + 4 + (11 - 0) + (-1 - (-5 - -7)).
35
What is -62 - (-103 + (83 - 52))?
10
9 + (13 - ((17 - 14) + 31))
-12
What is (-68 - 24) + 46 + (22 - 1)?
-25
(21 - 25 - -5) + (13 - 17)
-3
What is the value of 85 + (-634 - -633) + (3 - 7 - 1) + -2?
77
Calculate 33 + (-9 + 4 - -3) + 18.
49
What is (7 - 3) + 0 + 50 + 473 + -478?
49
Evaluate -123 + (-18 - (-21 - -14)) - -10.
-124
Calculate 1 + -9 - (29 + 20 - 57) - -32.
32
What is -12 + -34 + 28 + 21 + 28?
31
169 + -200 + (-1 + 2 - 2 - -3)
-29
-9987 + 9986 - (0 - -1 - (-3 - (-6 + 1)))
0
Calculate 3 + -33 + (-24 - -41) + 34 + -4 + 7.
24
Evaluate -18 + -9 + 10 + -5.
-22
Calculate -30 - (51 - 53) - 30.
-58
Evaluate -91 + -125 + -118 + 287.
-47
Evaluate -26 + 15 - (-17 + 45).
-39
What is -4 - 35 - (-191 + 56 + 5)?
91
What is the value of (-25 - -8) + 36 - (-12 + 4 + 6 + -7)?
28
Evaluate -89 + (-2 + -1 + 18 + -5 - (47 + -46)).
-80
Calculate (-22 - -2) + 24 + (35 - 41).
-2
What is the value of (10 - 4) + (-42 - -5) + 5 - 6?
-32
What is 6 + 0 - (-16 - 36 - -16 - (8 + -16))?
34
39 - (29 - (32 - (-2 + -5)))
49
What is the value of (89 + 16 - 171) + -24?
-90
What is 11 - ((9 - (-9 - 6 - -12)) + 38)?
-39
Evaluate 8 + (100 + -109 - (-3 - 29)).
31
-7835 - -7798 - (45 + (-2 - -2))
-82
Evaluate 0 + 1 + -7 + (81 - (-68 - -144)) - -7.
6
What is the value of (20 - (5 - -20)) + (-12 - 8) + -5?
-30
Calculate -141 + 162 - (0 + 4 - -20).
-3
What is (108 - (-2 - 1)) + (36 - 115 - -73) - 11?
94
Evaluate (-19 - 61) + (9 + -1 - (-5 + 1)).
-68
(59 - 5) + 35 - 52
37
What is -23 + 1 + 81 + 27 + 36?
122
Calculate (51 - 28 - 12) + (-1 - 67 - (19 + -16)).
-60
What is 64 - (-170 - -227) - (-61 - 1)?
69
What is -16 - -39 - (-15 - (24 - 64))?
-2
14 - (68 + -36 + (-66 - 0))
48
What is (136 - -1) + (-61 - -206) + -187?
95
Calculate -26 - (-1 - 8 - (-865 + 932)).
50
-20 - (-39 + 11) - (-10 + 30)
-12
What is the value of -63 + (-4 - (-24 + 25 + -14))?
-54
Evaluate -60 + (23 - -49) - (2 + -1 + 9).
2
218 + 73 + -89 + -81
121
What is the value of 1 + 96 - (-1020 + 1043)?
74
Evaluate (30 - (-160 + 63)) + -132.
-5
(-132 - -64 - -65) + 7
4
What is -33 - (27 + -69) - -29?
38
What is the value of -17 + 15 + 9 + -8 + 38 + 18?
55
What is (0 - (14 - (-1 + 1))) + 13 + (48 - 1)?
46
What is ((3 - -105) + 5 - 4) + (-10 - (56 + -56))?
99
Calculate -61 + 9 + 33 - -31.
12
What is -2 - 0 - (95 - 5 - 112)?
20
Calculate 8 - (-8 + (-24 - (-6 - 22))).
12
Evaluate (0 - 14) + 24 + 1 + -19 + 34 - -2.
28
Evaluate -32 - ((0 + -1 + 0 - -5) + (4259 - 4262)).
-33
Evaluate -1 + -4 + (83 - 18 - (13 - (-26 + 44))).
65
Evaluate 401 - 444 - (-86 + 3).
40
What is the value of 11 - (-44 + 29 + -8 + 2)?
32
What is (0 - -22) + 2180 + -2169?
33
-47 + 83 - (3 + -8)
41
Calculate -57 + -30 + 138 - -10.
61
Evaluate 129 - (209 + -79 - 67).
66
What is the value of 43 + 40 + -26 + -19?
38
What is the value of (5 - -80 - -57) + -72?
70
What is the value of 16 - (11 - (-9 - (0 - 16))) - 26?
-14
Calculate (-66 - 3) + -9 + 8 + (11 - 2) + -7.
-68
What is the value of 27 + (-38 + -41 - 14)?
-66
What is -8 + ((-9 - -4) + 9 + 0 + -11 - -120)?
105
What is the value of (1433 - 1479) + 140 + -3?
91
What is 2 - 29 - (-88 - (59 + -228))?
-108
What is the value of -23 - -7 - ((36 + -16 - 5) + -127)?
96
Evaluate -85 + 83 - (-49 + 51 - (1 - (2 + -29))).
24
What is the value of -1 + 62 + (21 - (3 + (-6 - -5)) - 15)?
65
-96 + (-53 - (-75 - 23))
-51
What is the value of 35 + 12 + -63 + 0 + 16 - -37?
37
72 + -211 + 6 + -1 + 33
-101
Calculate -83 + 53 + 12 - (-73 + 5).
50
Evaluate 2473 - 2456 - (-2 - -51).
-32
What is -7 + 11 + -2 + (9 - 16) + 21 + 125?
141
What is -23 + 7 + -40 + (23 - 3)?
-36
Calculate (62 - (-26 + 18 + 21) - -6) + 19.
74
What is the value of (-286 - -221) + -1 + 6 - (-8 - -21)?
-73
(8 - -114) + 30 + -115
37
What is the value of -13 + 28 + (-1 - 9) + -7 - 25?
-27
Calculate (45 - (11 + -7)) + -42.
-1
Evaluate (-16 - 0) + 58 + -42 + 17 - 62.
-45
Calculate -120 + (78 - 90) + -10 + 60.
-82
What is the value of (-73 - (5 + 3)) + (19 + -3 + -10 - 3)?
-78
-24 + 70 + -60 - (37 - 8)
-43
Calculate 183 + -200 - (0 + -19) - 40.
-38
-31 - (-72 + -4) - 53 - (0 - (113 - 1))
104
Calculate (9 + 10 - (1 + 1)) + 1304 + -1282.
39
23 + (-31 - -5) + (54 - 113)
-62
-1 + 123 + (1605 - 1787)
-60
Evaluate -81 + (12 - (9 + -4)) + 53 + -63.
-84
Calculate -56 + 4 - (8 + 1 + -31 + 19).
-49
What is 0 - (-7 + 5) - 0 - 2 - (-410 + 404)?
6
-2 + 0 + -1 - 1 - ((-182 - -173) + 69)
-64
Evaluate -14 + ((-7 - -6) + (-23 - -11) - 25).
-52
(-897 - -821) + (3 - 4)
-77
Evaluate (-21 - -2) + (-4 - 3) + 16 + -4.
-14
-50 - 1 - (20 + -20 + -2 - -18)
-67
Calculate (0 - (10 + -5) - -12) + (-6 + 32 - 26).
7
Calculate -53 + 17 - (13 + -67).
18
What is -20 + -4 + (55 + -157 - (1 - 22))?
-105
What is (-1 + -3 - 15) + 158 + -164?
-25
Evaluate 80 + -96 + 0 + 60.
44
What is the value of (-1 + 7 - 2 - -82) + (-13 - -13)?
86
-12 + 13 + 28 + -2 + -113
-86
What is (3 - -2) + ((1 - 12) + -20 - 92) - -15?
-103
Evaluate (-20 + 7 + 3 - -23 - 4) + 65 + 0.
74
7 - (-11 - (-13 - (-4 + -5)))
14
Calculate -80 + (18 - -8 - -4) - (-4 - 0).
-46
What is 21 + -1 + (-2479 - -2435)?
-24
(-19 - 20) + -24 + (14 - 27)
-76
What is 16 + ((-60 - -21) + 10 - -36)?
23
What is -13 + (-10 + 5 - 2) - 1?
-21
What is the value of 1 - (37 + 25) - -36?
-25
What is the value of 0 + 9 + 28 + (-6 - 26) + -2 + 70?
73
Calculate 34 + (-2 - -25) + -36.
21
What is the value of 9 - -1 - (6 + 28 - (28 + 11))?
15
What is the value of 0 - (42 + (-19 - -1) - (1 - -19))?
-4
Evaluate 1 + 8 - (156 + -30 + -121).
4
Calculate 121 + (5 - 115) - (130 - 2).
-117
What is -1512 - -1598 - (1 + -3 + 5 + 1 + 9)?
73
Evaluate -11 + -30 + 10 + 23 - (-86 - 0).
78
Evaluate 43 - (-5 - (56 - 116)).
-12
Evaluate -41 - (2 + -12 + (-15 + 8 + 4 - -8)).
-36
Calculate 57 + -72 + 66 + -88.
-37
What is (9 - -50 - 71) + -41?
-53
What is (35 - (0 - 2)) + 16 + 0 + (24 - 39)?
38
What is the value of -13 - (-22 + 12 + 8 - (11 - -7))?
7
33 - -20 - (-78 + 84 + -5 + 0)
52
-31 - (-54 + -16) - -16
55
-13 + 23 + (-1 - 0 - -1) - (967 - 916)
-41
Calculate -1 - 18 - (29 - (-58 - -85)).
-21
What is -3 + -1 - (2 - 1) - (-5 + (-10 - -23))?
-13
What is the value of (-37 - 2) + (11 - (45 + -20) - -21)?
-32
Calculate (46 + -29 - 48) + 16.
-15
Calculate (0 - 3) + -30 + 29 - (40 + -9).
-35
(-6 - (-25 - -31)) + 5 + 1 - 5
-11
Calculate (72 - -2 - (-67 - (-45 - 17))) + -19.
60
Calculate (-13 + (13 - 6)